 what is 30 - 2342030?
-2342000
In base 4, what is 121200 - 1001300?
-220100
In base 2, what is -1100100001000000110100000 + -10?
-1100100001000000110100010
In base 5, what is -111440221 + -1?
-111440222
In base 5, what is 21344 + -1042110?
-1020211
In base 6, what is -202243420 + -15?
-202243435
In base 15, what is 158e + 11?
15a0
In base 5, what is -130134021 + -2334?
-130141410
In base 13, what is 4393 + -3604?
a8c
In base 12, what is 5459 - -387?
5824
In base 3, what is 21022121 - 1002010?
20020111
In base 9, what is 702 - 1324431?
-1323628
In base 13, what is -3c + -26a5bc?
-26a62b
In base 13, what is -79 - -10783b?
107792
In base 3, what is 11 + 120020012111?
120020012122
In base 11, what is -a472 - 1843?
-11205
In base 14, what is a34 - 44b4c?
-44118
In base 16, what is 849 + -3a45?
-31fc
In base 3, what is 10201121111211200 - 2?
10201121111211121
In base 11, what is 139 - -362033?
362171
In base 11, what is -48 - -113159a?
1131552
In base 2, what is -101 + 110111000011100000011010?
110111000011100000010101
In base 14, what is 3bc49397 - -4?
3bc4939b
In base 13, what is 25b406 - 1?
25b405
In base 6, what is -3 + 4024530440?
4024530433
In base 5, what is 43412 - -443240?
1042202
In base 3, what is -1100001 - -10210002211?
10201202210
In base 2, what is 100 - 11110111110011101100010?
-11110111110011101011110
In base 16, what is 65e + -81a?
-1bc
In base 10, what is -57623832 + -9?
-57623841
In base 10, what is 15066 + 11651?
26717
In base 3, what is -10201101011 + -11?
-10201101022
In base 2, what is -100010 + -11010000101111001011?
-11010000101111101101
In base 4, what is 202 - 12201132100?
-12201131232
In base 4, what is 2312120 - 3211?
2302303
In base 5, what is 3223224322 - 220?
3223224102
In base 8, what is 0 + 3073211?
3073211
In base 2, what is -1000100100 + 101101001101111?
101100001001011
In base 5, what is 100300 - 11232443?
-11132143
In base 7, what is -2620 + 1562511?
1556561
In base 10, what is 367177276 + -4?
367177272
In base 7, what is 46543 + -344?
46166
In base 6, what is 3121124 + -200?
3120524
In base 14, what is -3 + 45d5c02?
45d5bdd
In base 3, what is -2121221111101002022 - -1?
-2121221111101002021
In base 13, what is -13a - 49358?
-49495
In base 11, what is -24543 + 34?
-2450a
In base 3, what is -101211102020210 - 10?
-101211102020220
In base 2, what is -111010000110010111 - -1111101?
-111010000100011010
In base 10, what is -3139 + 1063?
-2076
In base 13, what is -1517b - -45?
-15136
In base 12, what is 683948 - 0?
683948
In base 10, what is 1216243 + -2?
1216241
In base 3, what is -21202012 - -12112200?
-2012112
In base 11, what is 2 - -6054054?
6054056
In base 5, what is -130310202 + 100?
-130310102
In base 8, what is -625355 + 2?
-625353
In base 6, what is -5 - 1415330425?
-1415330434
In base 3, what is -1212110 - -1112020?
-100020
In base 16, what is 1203f + -1030?
1100f
In base 14, what is 2 - -209835?
209837
In base 13, what is 65 - 2a0a5?
-2a040
In base 12, what is 3334 + -a4?
3250
In base 10, what is -1 + 33614328?
33614327
In base 3, what is -20 - 1011010211012?
-1011010211102
In base 2, what is -10001010100100 + -111111111010011?
-1010001001110111
In base 2, what is -11010000001001 + 10000010111011101?
1101000111010100
In base 9, what is 12 + -14107?
-14085
In base 16, what is -1643e8 + -a?
-1643f2
In base 2, what is 1 + 10011011110100011111000?
10011011110100011111001
In base 14, what is -13d - 7194b?
-71a8a
In base 6, what is -4105144200 + -1?
-4105144201
In base 15, what is -2e19 - -1b42?
-12c7
In base 9, what is 11155055 - 13?
11155042
In base 4, what is -2202230 + -20231230?
-23100120
In base 4, what is 12231333203 - -322?
12232000131
In base 5, what is 32232220 - 1242?
32230423
In base 12, what is 1 - -1706a81b?
1706a820
In base 9, what is 456 + 233700?
234256
In base 3, what is 1210 + -12222001?
-12220021
In base 16, what is 5 - 98df7ea?
-98df7e5
In base 13, what is 43 + -59c?
-559
In base 3, what is 11001 - 2002201022200?
-2002201011122
In base 8, what is 0 - 437613102?
-437613102
In base 16, what is 484 - 3a12?
-358e
In base 6, what is -42135553 - -20?
-42135533
In base 16, what is 197808b + -9?
1978082
In base 10, what is 193065157 + 1?
193065158
In base 15, what is -22 - 66b8a?
-66bac
In base 11, what is 18798 - -324?
19011
In base 9, what is 656352 + -6?
656345
In base 3, what is 12222210 + 1002111112?
1022111022
In base 7, what is -3566415 - -45?
-3566340
In base 11, what is 8187804 - -7?
8187810
In base 2, what is -11 + 110000011110111101110101?
110000011110111101110010
In base 16, what is 319189 - -33?
3191bc
In base 12, what is 19438 + -42?
193b6
In base 8, what is -5034703 + 6?
-5034675
In base 11, what is -1240528 - 4?
-1240531
In base 4, what is 1130323 + -101130?
1023133
In base 12, what is -16713645 - -2?
-16713643
In base 16, what is 4 + 64347a?
64347e
In base 11, what is 1a124086 + -3?
1a124083
In base 8, what is -6666604 + 4?
-6666600
In base 8, what is -4 - -2073162?
2073156
In base 7, what is 1661 - -3531442?
3533433
In base 5, what is 1300 + -2131012?
-2124212
In base 11, what is 10460 - 603?
a958
In base 5, what is -3320144 + -33?
-3320232
In base 8, what is -2242 - 41771?
-44233
In base 14, what is -5 + 10c446b?
10c4466
In base 7, what is -1 + 641344250?
641344246
In base 2, what is -10011000010110100010100001 - 1?
-10011000010110100010100010
In base 15, what is 387 - e59?
-ac2
In base 4, what is -1320 - 10111130232?
-10111132212
In base 15, what is -3 + 14675?
14672
In base 12, what is 6862 - -1b733?
26395
In base 8, what is -52777 - 206?
-53205
In base 7, what is -2461424 - -462?
-2460632
In base 15, what is 48b + -8c78c?
-8c301
In base 7, what is -3 + -406525120?
-406525123
In base 7, what is -20636045 + -423?
-20636501
In base 2, what is -1001011100010000 + -1011111100000?
-1010111011110000
In base 16, what is 2832abdb + 0?
2832abdb
In base 6, what is -1 - -344041333?
344041332
In base 11, what is 3 + -2323410?
-2323408
In base 12, what is 317 - 96315?
-95bba
In base 13, what is -171b8aa9 - -5?
-171b8aa4
In base 7, what is 2 + 33203052?
33203054
In base 15, what is 4654 - -49b6?
911a
In base 8, what is -11227 - -20110?
6661
In base 11, what is -522 - -12192?
11770
In base 12, what is -15 - -41b8835?
41b8820
In base 3, what is -10100 - 1221202101212?
-1221202112012
In base 16, what is 62600d3 + -a?
62600c9
In base 16, what is -2 + 1de3c44?
1de3c42
In base 12, what is -533bb29a + 5?
-533bb295
In base 3, what is -101 + 22002012110201201?
22002012110201100
In base 10, what is 10706765 - 8?
10706757
In base 10, what is -32982 + -692?
-33674
In base 9, what is -47 - 515508?
-515556
In base 3, what is -2 - -10001002022101?
10001002022022
In base 5, what is -1442024 + 3122?
-1433402
In base 13, what is 139 + -426b?
-4132
In base 15, what is aa9e - a3?
a9eb
In base 8, what is 16747507 + -245?
16747242
In base 4, what is 2133122 + -3210311?
-1011123
In base 15, what is -8c5ec7 - 1?
-8c5ec8
In base 13, what is -2a4 - 3c415?
-3c6b9
In base 6, what is 14354 + -4231444?
-4213050
In base 8, what is 214 + 275554?
275770
In base 12, what is 1 - -534297?
534298
In base 8, what is 3 - -3042140537?
3042140542
In base 5, what is 301242 - -10224314?
11031111
In base 10, what is 6143 - 2542?
3601
In base 3, what is 20102201012 - -201?
20102201220
In base 10, what is -4 + -10943500?
-10943504
In base 10, what is -913 - 459784?
-460697
In base 8, what is 144131214 - 5?
144131207
In base 11, what is 21477131 + 0?
21477131
In base 6, what is 34 + 151012534?
151013012
In base 8, what is 36170 + -3423?
32545
In base 7, what is 35 + -34242324?
-34242256
In base 10, what is 2598 - -44317?
46915
In base 2, what is -10011001 - 1000010010?
-1010101011
In base 12, what is -1aa0b9b - -24?
-1aa0b77
In base 6, what is 230 - 1314544?
-1314314
In base 6, what is -211 + 32542303?
32542052
In base 2, what is 101 - -111001110110000101001000?
111001110110000101001101
In base 5, what is 302012200000 + 10?
302012200010
In base 12, what is 106 + 149139?
149243
In base 6, what is -22220 - 44044?
-110304
In base 11, what is -3 + 13983018?
13983015
In base 6, what is -2355 + 31240435?
31234040
In base 10, what is -11962411 - -16?
-11962395
In base 10, what is -35 + -1333723?
-1333758
In base 2, what is 1011000111111101